, 3*q = -l - 3*l + 14. Let c be q/(1 - (-4)/(-8)). What is the remainder when p(c) is divided by 2?
1
Let j = -2147 + 2186. What is the remainder when 623 is divided by j?
38
Let o(d) = -d**2 + 12*d - 16. Let n be o(10). Suppose 0 = -j + n*f + 28, -f = 4*j - 148 - 15. Calculate the remainder when 278 is divided by j.
38
Let h = 9203 + -8965. What is the remainder when h is divided by 19?
10
Let k = 1363 - 677. What is the remainder when k is divided by 138?
134
Suppose 0 = 53*w - 69*w + 2384. Calculate the remainder when w is divided by 40.
29
Suppose 4*m - m - 2*h - 2880 = 0, m = -5*h + 960. Suppose -34*u + 10*u = -m. Calculate the remainder when u is divided by 11.
7
Suppose 34*c - 63 = 27*c. Suppose -5*g + 94 = -u, 48 = 5*g - 4*u - 43. What is the remainder when g is divided by c?
1
Let s = 73 + -44. Suppose -2*j + 519 = -3*v + 2*v, 3*v = -5*j + 1281. Calculate the remainder when j is divided by s.
26
Let h(z) = 8*z**3 - 6*z**2 + 4*z - 5. Suppose k - 223 = -2*f + 4*k, 0 = 5*k - 15. What is the remainder when f is divided by h(2)?
30
Let u(a) = 12*a**2 + 577*a + 84. Calculate the remainder when 73 is divided by u(-48).
1
Suppose -5425 = 5*r + 3*x + 6803, 0 = 4*r - 3*x + 9804. Calculate the remainder when 152 is divided by (r/(-120))/((-2)/(-5)).
50
Let f = 26937 - 25579. What is the remainder when f is divided by 668?
22
Let x = 2626 + -2522. Calculate the remainder when 362 is divided by x.
50
Let o = -8 + 10. Suppose -z - k + 168 = z, 4*z = -4*k + 340. Suppose z = o*y - 3*m, 4*y - 3*m = -y + 185. What is the remainder when 134 is divided by y?
32
Suppose 33*g - 13*g = 2800. Let r = g + -97. Calculate the remainder when r is divided by 16.
11
Suppose 3*q + 3 = 0, 7*z - 12*z + 8386 = 4*q. What is the remainder when z is divided by 40?
38
Let g(n) be the first derivative of 2*n**3/3 - 7*n**2 + 23*n - 16. Let i be g(10). Suppose -i*a - 225 = -88*a. What is the remainder when a is divided by 6?
3
Suppose -4*j - 58 = -2*n, 0 = -4*n + 2*j + 139 - 11. Calculate the remainder when 690 is divided by n.
30
Let h = 10470 - 10407. Calculate the remainder when 2073 is divided by h.
57
Suppose -5*v + 2*u - 1 = -2, -11 = 5*v + 2*u. Calculate the remainder when 5*(20 - 0) - (1 + v) is divided by 21.
16
Let k = 87 + 24. What is the remainder when k is divided by (-826)/(-2065)*(290/4 - 0)?
24
Let m(p) = -2 + p**2 + 0*p**2 + 5 + 5*p + 0*p**2. Suppose -h - 2 = 5*l - 59, -h = -3*l - 17. What is the remainder when h is divided by m(-7)?
15
Let t = -1123 + 1149. Suppose 2*g + 4*q - 62 - 112 = 0, -4*q = 4*g - 352. What is the remainder when g is divided by t?
11
Let t = 486 + -451. Let m(n) = -n**2 + 38*n - 45. What is the remainder when m(t) is divided by 13?
8
Suppose -4*z + 814 = 686. Suppose -5*m + 378 = 4*q, -m - 90 = -q - 0*m. Calculate the remainder when q is divided by z.
28
Suppose 0 = -t - 3*b + 16, 5*t - 20*b - 61 = -16*b. Suppose t*g - 877 + 266 = 0. Calculate the remainder when 132 is divided by g.
38
Let l = 127 - 26. Suppose -67 = -8*r + l. Suppose 220 = 5*u - 5*v, 3*u + 3*v - 87 = r. Calculate the remainder when u is divided by 14.
12
Suppose 0 = -5*l - 5*t + 260, -3*l - t = -2*t - 136. Let r(q) = q**3 - 7*q**2 - 29*q - 152. Calculate the remainder when l is divided by r(11).
8
Suppose 373 = 5*g + 2*l, 0 = g - l + 9 - 78. Let o = -111 - -327. What is the remainder when o is divided by g?
70
Let p(w) = 82*w**3 - 4*w**2 + 6*w - 4. Let z be p(1). Let h = z - -21. Calculate the remainder when h is divided by 35.
31
Let v(b) = 2*b**3 - 31*b**2 + 30*b - 21. Let f be v(15). Suppose -32*h + 27*h + f = 4*o, 0 = 3*o + h - 142. What is the remainder when o is divided by 10?
6
Let t be (-45)/6*944/(-20). Suppose m - t = 5*l, 0 = 2*m + 6*l - 8*l - 668. What is the remainder when m is divided by 30?
29
Let j(l) = -9*l**2 + 277*l + 82. What is the remainder when 55 is divided by j(31)?
15
Calculate the remainder when 532 is divided by 4*4/(-40) + (892/5 - 1).
1
Suppose 3*j + 2*y = 6*j - 554, 746 = 4*j + y. Suppose -5*v - f = -0*f - j, 2*v = 2*f + 72. Let i = -8 + 18. What is the remainder when v is divided by i?
7
Suppose 254*w - 176 = 246*w. Calculate the remainder when 789 is divided by w.
19
Suppose -3*h + 21 = 4*d - 4*h, -h - 6 = -d. Suppose -2*s = -3*r + 120, -r = -0*r + d*s - 40. Calculate the remainder when -41*2/(-3) - r/120 is divided by 7.
6
Suppose -8*b = -42 + 18. Calculate the remainder when (-3800)/(-114) - (-2)/b is divided by 9.
7
Suppose -2*q = -6*q + 92. Let f = 90 + -23. Let l = 156 - f. What is the remainder when l is divided by q?
20
Let p = 4971 + -4912. Calculate the remainder when 1889 is divided by p.
1
Let k = -938 + 1991. Calculate the remainder when k is divided by 14.
3
Suppose -q + 0 = -1. Let b be 0 - (q + (0 - 3)). Suppose 0 = -b*v + 6, 2*w + v - 18 = 3*v. What is the remainder when 35 is divided by w?
11
Let l be ((-27)/(-5) + 4/(-10))*1. Let i = l + -17. What is the remainder when 4 + (-342)/i - (-1)/2 is divided by 7?
5
Let f(u) = -127*u - 235. Calculate the remainder when f(-3) is divided by 17.
10
Let s(t) = 2*t**2 - 106*t + 317. What is the remainder when 61 is divided by s(3)?
10
Let y(f) = f**3 + 8*f**2 - 9*f + 21. Let b be y(-9). What is the remainder when (99/(-3) - 0)/(b/(-14)) is divided by 4?
2
Suppose -5*m + 2*p = -11878, -5*m + 4630 = -5*p - 7245. Calculate the remainder when m is divided by 28.
24
Let r(v) = 4*v**2 - 3*v + 2. Let l be r(-3). Suppose 5 = -6*w + l. Let h(c) = 2*c**2 - c. Calculate the remainder when h(-2) is divided by w.
3
Suppose 5*l = 5*j - 1 - 14, 2*l - 36 = -4*j. What is the remainder when 357/27 + (35/45 - 1) is divided by j?
6
Suppose -2*j + 7705 = 5*k, -3*k + 4614 = -0*j + 3*j. Suppose 10*g - k - 1137 = 0. Suppose 10*u - 42 = g. Calculate the remainder when 216 is divided by u.
30
Suppose 215 = w + 4*z, -w - 2*z - 221 = -2*w. Let t = -211 + w. Calculate the remainder when 13 is divided by t.
5
Suppose -77*b + 153*b - 140 = 69*b. What is the remainder when 2989 is divided by b?
9
Suppose 15185 = 177*t - 745. What is the remainder when 843 is divided by t?
33
Suppose -u - 5*g + 342 = 74, 4*u + 3*g = 1089. What is the remainder when u is divided by 22?
9
What is the remainder when 275/550 - ((44109/6)/(-3) - 1) is divided by 27?
22
What is the remainder when 414 is divided by 14 + -22 - (260/78)/(4/(-270))?
197
Let m(b) = 12*b - 70. Let f be m(10). Let y = f + 167. Calculate the remainder when y is divided by 55.
52
Let z = 15 + 85. Calculate the remainder when z is divided by 52.
48
Suppose 14*r = 2*r + 1380. Calculate the remainder when r is divided by 28.
3
Let j(b) = 21*b + 175. Let z be j(-8). What is the remainder when 60 is divided by z - 11/(77/(-28))?
5
Let m be 0 + (1 - 1 - -4). Let x be (-2)/3 - (-2)/3. Suppose -3*f = -0*f + 5*k - m, 3*k + 12 = x. Calculate the remainder when 9 is divided by f.
1
Suppose 2*r - 22 = -2*y, 17 = 15*y - 13*y - 3*r. Calculate the remainder when ((-62)/(-8))/((-2)/(-8)) is divided by y.
1
Suppose 0 = -535*p + 532*p - u + 558, 0 = -5*p - 5*u + 920. Calculate the remainder when 1287 is divided by p.
165
Suppose -6639 = -17*j + 22499. What is the remainder when j is divided by 13?
11
Let u(l) = 5*l + 2*l - 3*l - 39 - 12. Suppose -90 - 15 = -5*n. What is the remainder when u(n) is divided by 22?
11
Let u(c) = -13*c - 3. Let a = 564 + -580. What is the remainder when u(-2) is divided by ((6993/84)/(-37))/(6/a)?
5
Let d = 26 + -8. Let z(q) = -7*q - 151. What is the remainder when z(-34) is divided by d?
15
Suppose 0 = 4*t - 14 + 6, -y + t = -116. Suppose -105*m + 107*m - y = 0. Calculate the remainder when m is divided by 17.
8
Let w(a) = -205*a + 218. What is the remainder when 97 is divided by w(1)?
6
Let w(k) = 2*k + 2. Let t be w(1). Suppose -p = -t*p + 36. What is the remainder when 141 is divided by p?
9
What is the remainder when (2/(-6))/((-133)/195909) is divided by 241?
9
Let z be (-17935)/(-30) - (-6)/36. Let q = -454 + z. What is the remainder when q is divided by 37?
33
Let a = 1757 - 1651. What is the remainder when 1058 is divided by a?
104
Calculate the remainder when 2979 is divided by 50/(-725) + (-16)/(-116)*73.
9
Let w = -167 - -243. What is the remainder when w is divided by 126/4 - (-1 - 12/(-8))?
14
Let r(m) = -214*m - 497. What is the